hat is -3 - 27?
-31
In base 9, what is -1 + 47?
46
In base 3, what is -10 - 11?
-21
In base 12, what is 3 - 86?
-83
In base 4, what is -11 - 1000?
-1011
In base 15, what is 6 + 23?
29
In base 10, what is -2 - 5?
-7
In base 16, what is -25b5 - 2?
-25b7
In base 6, what is 315 + 2?
321
In base 15, what is 2 - -16?
18
In base 16, what is 5 + -6e?
-69
In base 12, what is 16 - 2a7?
-291
In base 5, what is 103234 - 3?
103231
In base 2, what is -10111101010 + 0?
-10111101010
In base 9, what is 3 + -52?
-48
In base 8, what is 11 + 411?
422
In base 5, what is 4 - 3041?
-3032
In base 4, what is 1 - -110100?
110101
In base 14, what is 50 + -4?
4a
In base 9, what is -11 - -35?
24
In base 10, what is -2333 + 4?
-2329
In base 6, what is -1422 + 2?
-1420
In base 10, what is 6 + 31?
37
In base 5, what is -1 + -113432?
-113433
In base 4, what is 223 + 1212?
2101
In base 2, what is -101010 - 1000010?
-1101100
In base 11, what is 0 - -71?
71
In base 14, what is -b - -a?
-1
In base 2, what is -1101 - 1?
-1110
In base 6, what is -3 - -403?
400
In base 9, what is 308 + -5?
303
In base 8, what is 14 + -45?
-31
In base 10, what is 78 + 22?
100
In base 11, what is -25 + 72?
48
In base 4, what is -122033 - -1?
-122032
In base 10, what is 480 - -3?
483
In base 11, what is 240 + -4?
237
In base 5, what is 320203 + 10?
320213
In base 16, what is 12 - -4?
16
In base 14, what is -1c - 6?
-24
In base 11, what is -2 + 304?
302
In base 16, what is -68 - -13?
-55
In base 12, what is 9 - 5?
4
In base 10, what is 816 - 0?
816
In base 15, what is 12 + 22?
34
In base 9, what is 15 + -7?
7
In base 9, what is 221 + 0?
221
In base 8, what is 3 - 133?
-130
In base 8, what is -4 + 177?
173
In base 6, what is 22545 - 2?
22543
In base 2, what is 10 - -1011000?
1011010
In base 7, what is -15 - -1220?
1202
In base 3, what is -1211 + -21222?
-100210
In base 13, what is 5 - -4b0?
4b5
In base 5, what is -1 - -24?
23
In base 9, what is 3 - -50?
53
In base 13, what is -181 - 0?
-181
In base 8, what is -107 - 6?
-115
In base 9, what is -2285 + 4?
-2281
In base 9, what is 2 + -352?
-350
In base 2, what is 11010 + 100?
11110
In base 2, what is -101001 + -101?
-101110
In base 5, what is -10 + -32030?
-32040
In base 8, what is -6630 + -3?
-6633
In base 3, what is 1120 - -10011?
11201
In base 7, what is -4 + 410?
403
In base 16, what is -2 + -2a5?
-2a7
In base 3, what is 1011 - -112?
1200
In base 10, what is -3 - -121?
118
In base 14, what is -129 - 5?
-130
In base 12, what is -1 - -24?
23
In base 9, what is 2 + -1206?
-1204
In base 13, what is 136 - 4?
132
In base 3, what is -101121121 - 0?
-101121121
In base 8, what is -3 + -12746?
-12751
In base 8, what is -3 + -4177?
-4202
In base 7, what is 1 + -162?
-161
In base 2, what is 1110100 - 11010?
1011010
In base 14, what is -45 + 6?
-3d
In base 2, what is -101 + 10?
-11
In base 6, what is 3 - 1513?
-1510
In base 16, what is -2 - 10?
-12
In base 5, what is -20112 - -4?
-20103
In base 15, what is 5 - -275?
27a
In base 5, what is 333 - -40?
423
In base 9, what is 5230 - 5?
5224
In base 9, what is 6652 - -2?
6654
In base 15, what is 3 + 36?
39
In base 5, what is -4 - 2220?
-2224
In base 10, what is 495 + -26?
469
In base 12, what is 3055 - -5?
305a
In base 5, what is 3 + -123?
-120
In base 10, what is 10 + 101?
111
In base 13, what is -2 - -246?
244
In base 4, what is 303 - -2?
311
In base 6, what is -1001 - -2?
-555
In base 7, what is -4 + -10?
-14
In base 15, what is -5 + -38c?
-392
In base 5, what is 1122 - -10?
1132
In base 13, what is -508 - -1?
-507
In base 13, what is -a5 + 3?
-a2
In base 5, what is 402 + 4?
411
In base 12, what is 0 + a?
a
In base 16, what is a + -17?
-d
In base 11, what is -2 + 113?
111
In base 15, what is -1 - -740?
73e
In base 8, what is 14 - -2651?
2665
In base 6, what is -250 + -10?
-300
In base 3, what is -21 + -11?
-102
In base 2, what is 101 + 111100110?
111101011
In base 7, what is 1565 + 11?
1606
In base 10, what is 20 - 60?
-40
In base 5, what is -13 + 32?
14
In base 14, what is 4 + -28?
-24
In base 13, what is 16c07 - -2?
16c09
In base 4, what is 1 - 320232?
-320231
In base 5, what is -330 + 10?
-320
In base 10, what is 1 - 64?
-63
In base 5, what is 1342 - 2?
1340
In base 4, what is -10 - -1020121?
1020111
In base 3, what is 2101221 + -2?
2101212
In base 7, what is 3 - -26?
32
In base 3, what is 1202222 - 10?
1202212
In base 15, what is 2 + 2dc?
2de
In base 14, what is -322 + -2?
-324
In base 11, what is -4 - 70?
-74
In base 3, what is 2100 + -21?
2002
In base 2, what is 1110 + -1100111?
-1011001
In base 10, what is 56 + 3?
59
In base 4, what is -10 + 23211?
23201
In base 6, what is -2 - 144?
-150
In base 14, what is -1 - 3b?
-3c
In base 5, what is 234 - 3132?
-2343
In base 8, what is 5 + 3144?
3151
In base 11, what is 90 + 23?
103
In base 15, what is -1b + 0?
-1b
In base 5, what is -14 - 0?
-14
In base 15, what is -2 - ed?
-100
In base 11, what is -1 - 7?
-8
In base 13, what is -215 - 4?
-219
In base 13, what is 5 - -4c7?
4cc
In base 9, what is -24 - -1363?
1338
In base 4, what is 12 - 30102?
-30030
In base 11, what is -14 + -7?
-20
In base 4, what is 3 + 200?
203
In base 2, what is 1011111 - -10?
1100001
In base 7, what is 21 + 33?
54
In base 3, what is -10000 - -220?
-2010
In base 14, what is 5 - -35?
3a
In base 10, what is -130 - 1?
-131
In base 8, what is 5 + -524?
-517
In base 7, what is 34512 + 5?
34520
In base 12, what is 2223 - -4?
2227
In base 14, what is -1 - -1?
0
In base 10, what is 5 + 301?
306
In base 8, what is 1675 + 3?
1700
In base 4, what is -131001 + 10?
-130331
In base 6, what is -2 - -210?
204
In base 13, what is 33 - 0?
33
In base 6, what is 3 + -42?
-35
In base 11, what is 3 + -460?
-458
In base 15, what is -9 - -2?
-7
In base 12, what is 417 + 3?
41a
In base 15, what is 1c + 7?
24
In base 13, what is 0 + -6c5?
-6c5
In base 12, what is 2b - -8?
37
In base 5, what is -2 - 10230?
-10232
In base 4, what is 2112 - -2?
2120
In base 15, what is 3 - -e?
12
In base 12, what is -32 + -69?
-9b
In base 4, what is 120 + 3?
123
In base 9, what is 11 - -7?
18
In base 8, what is 12 - 171?
-157
In base 5, what is -3 - 14233?
-14241
In base 9, what is -147 - -2?
-145
In base 3, what is -221021 - -1?
-221020
In base 6, what is -2 - -154?
152
In base 11, what is 356 + 4?
35a
In base 14, what is c + 15c?
16a
In base 16, what is 20c + -12?
1fa
In base 16, what is -1b - aa?
-c5
In base 9, what is 47100 + 3?
47103
In base 6, what is 145 + 1042?
1231
In base 9, what is -16 + 210?
183
In base 12, what is -1 + 15?
14
In base 15, what is 120 + 4?
124
In base 15, what is 5 + -110?
-10a
In base 13, what is -6 - 16?
-1c
In base 6, what is -5 + -1?
-10
In base 2, what is -110100 - -1010011?
11111
In base 12, what is -5 - 2bb?
-304
In base 11, what is -3587 - 2?
-3589
In base 11, what is 4 - a5?
-a1
In base 6, what is 3 - 331?
-324
In base 11, what is 4 + -34?
-30
In base 6, what is 3 - -2522?
2525
In base 15, what is -58d5 - -1?
-58d4
In base 11, what is -2 - 337?
-339
In base 2, what is -11010101111 - -10?
-11010101101
In base 2, what is 100 + 1010010?
1010110
In base 4, what is -1232 + -3?
-1301
In base 4, what is 32 - -12?
110
In base 2, what is -1101 + 111010?
101101
In base 8, what is 1 + 1025?
1026
In base 12, what is 582 - 2?
580
In base 11, what is -1 + -368?
-369
In base 3, what is 1110 - -201?
2011
In base 5, what is 1 - 2322?
-2321
In base 6, what is 0 + -3353?
-3353
In base 2, what is 1101101010 + 101?
1101101111
In base 8, what is 3 - -74?
77
In base 3, what is -11 - -22000?
21212
In base 9, what is 1 - 462?
-461
In base 3, what is 111220 - 11?
111202
In base 4, what is 3 - 301?
-232
In base 9, what is -17 + -272?
-300
In base 4, what is -23 - -112332?
112303
In base 14, what is 0 + 4d8?
4d8
In base 15, what is 387 - 7?
380
In base 11, what is -5 + 273?
269
In base 4, what is -3 + -31?
-100
In base 12, what is 3 - 49a?
-497
In base 6, what is 120 + 111?
231
In base 6, what is -341 - 2?
-343
In base 6, what is -25 + 0?
-25
In base 11, what is -4 + 46?
42
In base 6, what is 1400 - 4?
1352
In base 8, what is 27 - 54?
-25
In base 12, what is 8 + -2b?
-23
In base 14, what is -a + 108?
dc
In base 8, what is -260 + -1?
-261
In base 2, what is -1 + -10001101110?
-10001101111
In base 8, what is -1550 + 27?
-1521
In ba